1661
What is the highest common factor of 132384 and 840?
168
Calculate the greatest common factor of 6 and 209382.
6
Calculate the highest common divisor of 11989 and 1893.
631
Calculate the greatest common factor of 61992 and 728.
56
Calculate the greatest common divisor of 1207 and 1428.
17
What is the greatest common factor of 25 and 411375?
25
Calculate the greatest common factor of 24 and 37956.
12
Calculate the highest common divisor of 283632 and 5244.
228
What is the highest common factor of 8 and 277308?
4
What is the highest common factor of 786 and 1460126?
262
Calculate the greatest common factor of 3468 and 36.
12
What is the greatest common factor of 85256 and 200?
8
What is the highest common divisor of 21480 and 2040?
120
Calculate the greatest common divisor of 2 and 11314.
2
Calculate the greatest common divisor of 8072 and 67603.
1009
Calculate the highest common factor of 234101 and 16324.
371
Calculate the greatest common factor of 83313 and 6.
3
What is the highest common factor of 4752 and 2068?
44
What is the greatest common factor of 847 and 9559?
121
What is the greatest common factor of 40 and 2896?
8
What is the greatest common factor of 462 and 11578?
14
Calculate the greatest common factor of 14 and 683732.
14
Calculate the highest common factor of 41070 and 7030.
370
What is the highest common divisor of 51 and 3724224?
51
Calculate the highest common factor of 14898 and 702.
78
Calculate the greatest common divisor of 70 and 15218.
14
What is the greatest common factor of 25685 and 73786?
467
Calculate the greatest common factor of 57405 and 1869.
267
Calculate the highest common divisor of 1580 and 632.
316
Calculate the greatest common factor of 46 and 98233.
23
What is the greatest common divisor of 110420 and 660?
20
Calculate the greatest common factor of 225 and 3275.
25
What is the greatest common factor of 972444 and 66?
66
What is the highest common divisor of 22124 and 188?
4
What is the greatest common divisor of 3729 and 94809?
33
What is the highest common divisor of 1257 and 240?
3
Calculate the greatest common factor of 606 and 2676.
6
Calculate the greatest common divisor of 20 and 303160.
20
Calculate the greatest common factor of 82 and 117670.
82
Calculate the highest common divisor of 528379 and 69.
23
What is the highest common factor of 257500 and 9270?
1030
Calculate the greatest common divisor of 14 and 594202.
14
Calculate the highest common factor of 117111 and 618.
309
What is the greatest common divisor of 266845 and 415?
415
What is the highest common divisor of 24 and 110976?
24
Calculate the highest common factor of 11220 and 285.
15
What is the highest common divisor of 7 and 156177?
7
What is the highest common factor of 39420 and 7965?
135
What is the highest common factor of 38600 and 552?
8
What is the greatest common divisor of 81018 and 7?
7
What is the greatest common factor of 385 and 18557?
77
What is the greatest common divisor of 14 and 83146?
14
Calculate the greatest common divisor of 2814 and 147.
21
Calculate the greatest common factor of 34124 and 2622.
38
Calculate the greatest common factor of 34 and 643399.
17
Calculate the greatest common divisor of 185428 and 1812.
604
What is the highest common divisor of 759 and 431871?
759
Calculate the highest common divisor of 4914 and 115290.
378
What is the highest common divisor of 1116 and 10261?
31
What is the highest common factor of 963 and 1373559?
321
What is the highest common divisor of 9 and 100656?
9
Calculate the highest common divisor of 3454 and 1407034.
314
Calculate the highest common divisor of 1188 and 145068.
132
Calculate the greatest common factor of 73 and 47.
1
Calculate the greatest common factor of 624 and 89336.
104
Calculate the greatest common factor of 2194 and 6168431.
1097
Calculate the greatest common factor of 6 and 20481.
3
Calculate the highest common factor of 16 and 12728.
8
What is the highest common divisor of 4080 and 2115888?
816
Calculate the greatest common divisor of 153729 and 713.
31
Calculate the greatest common factor of 242 and 772343.
121
What is the greatest common factor of 33775 and 39565?
965
What is the highest common factor of 10044 and 2712?
12
Calculate the highest common factor of 232421 and 7.
7
Calculate the highest common factor of 359548 and 28.
28
Calculate the greatest common factor of 41822 and 781.
11
Calculate the greatest common factor of 500657 and 101.
101
Calculate the highest common divisor of 16 and 3418464.
16
What is the highest common factor of 31 and 3009852?
31
Calculate the highest common factor of 2862 and 450.
18
Calculate the highest common factor of 224120 and 4160.
520
What is the highest common factor of 1260 and 71505?
315
Calculate the highest common factor of 274789 and 109.
109
Calculate the highest common divisor of 49 and 12817.
7
Calculate the greatest common divisor of 337425 and 99.
33
Calculate the greatest common divisor of 984 and 95694.
246
What is the greatest common factor of 158525 and 340?
85
Calculate the greatest common factor of 55 and 207614.
11
What is the greatest common divisor of 20698 and 2054?
158
What is the greatest common factor of 897831 and 99?
99
What is the greatest common divisor of 592 and 1360?
16
Calculate the greatest common divisor of 442 and 12800762.
442
Calculate the highest common divisor of 3016 and 32024.
8
What is the highest common divisor of 52 and 1512290?
26
What is the highest common divisor of 1091860 and 154?
154
What is the greatest common factor of 201558 and 1176?
42
Calculate the highest common divisor of 6 and 36018.
6
What is the highest common divisor of 1908 and 559998?
954
What is the highest common factor of 4 and 173596?
4
What is the highest common divisor of 1951130 and 118?
118
Calculate the greatest common factor of 77978 and 1270.
254
Calculate the highest common divisor of 770 and 40670.
70
Calculate the greatest common divisor of 720 and 459440.
80
What is the highest common divisor of 1600 and 405?
5
Calculate the highest common factor of 514 and 146747.
257
Calculate the highest common divisor of 486 and 38952.
18
What is the greatest common factor of 1125 and 2979?
9
Calculate the highest common divisor of 274314 and 14658.
2094
Calculate the greatest common factor of 4617 and 11761.
19
What is the greatest common factor of 75361 and 2821?
403
What is the highest common factor of 37 and 3223477?
37
Calculate the highest common divisor of 85090 and 200.
10
What is the highest common factor of 99 and 98424?
9
What is the greatest common factor of 927 and 138741?
309
Calculate the highest common divisor of 119 and 14093.
17
Calculate the highest common divisor of 2147718 and 354.
354
Calculate the greatest common factor of 285131 and 49.
49
What is the highest common factor of 68 and 54848?
4
What is the greatest common divisor of 244288 and 1408?
704
What is the greatest common divisor of 10413 and 262728?
801
What is the highest common divisor of 33 and 151833?
33
What is the highest common factor of 289728 and 1632?
96
What is the greatest common divisor of 27014 and 8086?
26
What is the highest common divisor of 78438 and 816?
102
Calculate the highest common factor of 91 and 37219.
91
Calculate the highest common divisor of 6386 and 412.
206
Calculate the greatest common factor of 4536912 and 96.
48
Calculate the greatest common factor of 4061 and 1829.
31
What is the greatest common factor of 660 and 700260?
660
Calculate the greatest common divisor of 426 and 2272.
142
What is the greatest common divisor of 763 and 111071?
109
Calculate the greatest common factor of 1600361 and 1295.
259
Calculate the greatest common factor of 100 and 214780.
20
What is the greatest common factor of 3112559 and 796?
199
What is the highest common factor of 330225 and 6216?
777
What is the highest common divisor of 1257840 and 390?
30
What is the highest common factor of 949 and 559?
13
Calculate the greatest common factor of 36 and 296148.
12
What is the greatest common factor of 495 and 216975?
165
Calculate the highest common divisor of 35622 and 288.
18
Calculate the greatest common factor of 63 and 43008.
21
Calculate the highest common factor of 16405 and 187.
17
